 divided by 24.
21
What is the remainder when 24231514 is divided by 1836?
1822
What is the remainder when 85890 is divided by 466?
146
What is the remainder when 80752 is divided by 461?
77
What is the remainder when 17636681 is divided by 1259762?
13
Calculate the remainder when 17933055 is divided by 36.
15
Calculate the remainder when 368336823 is divided by 13.
10
Calculate the remainder when 17520 is divided by 346.
220
What is the remainder when 588273 is divided by 609?
588
What is the remainder when 878163 is divided by 87?
72
Calculate the remainder when 8481693 is divided by 403890.
3
Calculate the remainder when 781601 is divided by 1292.
1233
What is the remainder when 45855 is divided by 503?
82
Calculate the remainder when 9377148 is divided by 16626.
84
Calculate the remainder when 1268331 is divided by 2872.
1779
What is the remainder when 1114819 is divided by 557400?
19
What is the remainder when 10988 is divided by 2734?
52
Calculate the remainder when 4732291 is divided by 1577423.
22
Calculate the remainder when 1986161 is divided by 661662.
1175
Calculate the remainder when 27596 is divided by 3870.
506
What is the remainder when 53886 is divided by 8?
6
Calculate the remainder when 6204355 is divided by 8.
3
Calculate the remainder when 9005310 is divided by 64.
62
Calculate the remainder when 221913 is divided by 9684.
8865
What is the remainder when 2025776 is divided by 1018?
974
Calculate the remainder when 142285 is divided by 8675.
3485
Calculate the remainder when 6442751 is divided by 26190.
11
What is the remainder when 13294507 is divided by 4431465?
112
What is the remainder when 21952 is divided by 3159?
2998
What is the remainder when 6392940 is divided by 675?
15
Calculate the remainder when 1105892 is divided by 544.
484
Calculate the remainder when 24247807 is divided by 715.
12
Calculate the remainder when 19002621 is divided by 541.
537
Calculate the remainder when 67184 is divided by 21459.
2807
Calculate the remainder when 21180 is divided by 7041.
57
What is the remainder when 30546 is divided by 391?
48
What is the remainder when 2313181 is divided by 674?
13
What is the remainder when 767312 is divided by 796?
764
What is the remainder when 3879635 is divided by 22?
1
Calculate the remainder when 3137606 is divided by 5573.
7
Calculate the remainder when 278285 is divided by 14548.
1873
Calculate the remainder when 175893 is divided by 10993.
5
What is the remainder when 34311384 is divided by 20?
4
Calculate the remainder when 1028377 is divided by 1970.
37
What is the remainder when 83310 is divided by 2806?
1936
What is the remainder when 2873408 is divided by 265?
13
What is the remainder when 216918 is divided by 35898?
1530
Calculate the remainder when 116550 is divided by 52275.
12000
Calculate the remainder when 7415916 is divided by 43623.
6
Calculate the remainder when 4315326 is divided by 298.
286
Calculate the remainder when 1237279 is divided by 412409.
52
What is the remainder when 1061494 is divided by 739?
290
Calculate the remainder when 11955205 is divided by 30892.
1
Calculate the remainder when 424489 is divided by 141097.
1198
What is the remainder when 1024393333 is divided by 18?
13
What is the remainder when 24920 is divided by 12171?
578
Calculate the remainder when 29411150 is divided by 51.
11
What is the remainder when 43122 is divided by 4081?
2312
Calculate the remainder when 258190023 is divided by 209.
201
What is the remainder when 111403 is divided by 3475?
203
Calculate the remainder when 668728 is divided by 52.
8
What is the remainder when 855061 is divided by 1098?
817
Calculate the remainder when 24881978 is divided by 42974.
32
Calculate the remainder when 10030846 is divided by 768.
766
What is the remainder when 164734863 is divided by 499?
492
What is the remainder when 25989587 is divided by 340?
327
What is the remainder when 984691 is divided by 1927?
1921
Calculate the remainder when 8196565 is divided by 3595.
3560
Calculate the remainder when 1206412689 is divided by 12.
9
Calculate the remainder when 4143512 is divided by 591929.
9
Calculate the remainder when 10803 is divided by 10623.
180
Calculate the remainder when 171955 is divided by 1655.
1490
What is the remainder when 3509364 is divided by 473?
177
What is the remainder when 55787 is divided by 18525?
212
What is the remainder when 8904528 is divided by 51?
30
Calculate the remainder when 21049 is divided by 20124.
925
Calculate the remainder when 84455430 is divided by 15941.
12
What is the remainder when 30357 is divided by 15109?
139
Calculate the remainder when 95176 is divided by 95167.
9
What is the remainder when 14921888 is divided by 54?
14
What is the remainder when 261250 is divided by 1150?
200
What is the remainder when 33374 is divided by 214?
204
Calculate the remainder when 32047031 is divided by 31.
6
What is the remainder when 296155 is divided by 662?
241
Calculate the remainder when 28916427 is divided by 1490.
1487
Calculate the remainder when 161438 is divided by 161368.
70
Calculate the remainder when 80228055 is divided by 110.
105
Calculate the remainder when 1511399 is divided by 28503.
740
Calculate the remainder when 97608 is divided by 7803.
3972
Calculate the remainder when 12825066 is divided by 1869.
1857
Calculate the remainder when 2511590 is divided by 728.
718
What is the remainder when 55718379 is divided by 13929593?
7
Calculate the remainder when 29156305 is divided by 522.
517
What is the remainder when 529223181 is divided by 252?
249
Calculate the remainder when 149231 is divided by 707.
54
What is the remainder when 23969 is divided by 1866?
1577
Calculate the remainder when 90660941 is divided by 176.
173
Calculate the remainder when 33371793 is divided by 40304.
81
Calculate the remainder when 5642166 is divided by 92.
82
What is the remainder when 3997067 is divided by 406?
403
What is the remainder when 49376 is divided by 1404?
236
What is the remainder when 1888103 is divided by 796?
787
Calculate the remainder when 571369 is divided by 867.
16
Calculate the remainder when 26799 is divided by 153.
24
What is the remainder when 1215074 is divided by 5260?
14
What is the remainder when 3114139 is divided by 198?
193
What is the remainder when 5662103 is divided by 8?
7
Calculate the remainder when 37698335 is divided by 1361.
1357
What is the remainder when 1866656 is divided by 933275?
106
What is the remainder when 34592584 is divided by 37?
26
What is the remainder when 412685 is divided by 402?
233
What is the remainder when 381316 is divided by 76254?
46
Calculate the remainder when 168322 is divided by 164909.
3413
What is the remainder when 1651569 is divided by 1333?
1315
What is the remainder when 1046028 is divided by 2003?
462
Calculate the remainder when 50964236 is divided by 28064.
12
What is the remainder when 1781019 is divided by 12542?
55
What is the remainder when 437213 is divided by 14?
7
What is the remainder when 22874172 is divided by 1216?
1212
Calculate the remainder when 74346 is divided by 2921.
1321
Calculate the remainder when 3668120 is divided by 1833891.
338
What is the remainder when 78787 is divided by 186?
109
What is the remainder when 11563350 is divided by 1872?
6
What is the remainder when 1046723 is divided by 261661?
79
Calculate the remainder when 772340 is divided by 12259.
23
What is the remainder when 1867955 is divided by 543?
35
What is the remainder when 963251 is divided by 2067?
29
What is the remainder when 354676 is divided by 338810?
15866
Calculate the remainder when 2021499 is divided by 12.
3
What is the remainder when 17018 is divided by 14319?
2699
What is the remainder when 124362314 is divided by 495?
494
Calculate the remainder when 13682033 is divided by 81.
80
Calculate the remainder when 26114524 is divided by 710.
14
What is the remainder when 35404810 is divided by 7309?
14
Calculate the remainder when 246939 is divided by 15426.
123
Calculate the remainder when 447316 is divided by 587.
22
Calculate the remainder when 2076625 is divided by 43.
26
Calculate the remainder when 21840 is divided by 108.
24
Calculate the remainder when 11143096 is divided by 5571538.
20
Calcu